uppose -q = -5*q. Calculate the remainder when z(0) is divided by q - (-1 - 10/1).
9
Let p be (-30)/75 - (-67)/5. Let m be 23/(-5) - (-4)/(-10). Let s = m + p. What is the remainder when 22 is divided by s?
6
Suppose g = -2*a - 5, -4*g - 2*a + a + 8 = 0. Let w = -4 + g. What is the remainder when 37 is divided by (w + -12)*(-1 - 0)?
11
Suppose -3*a - a = 1320. What is the remainder when 2/7 - a/21 is divided by 4 + 1/(2/4)?
4
What is the remainder when (4/2)/((-56)/(-1036)) is divided by 14?
9
Let o = 3 + -1. Let c be (o - (2 + 0)) + 2. Suppose -2*n + c*x = -30, x - 2*x + 21 = 2*n. Calculate the remainder when 34 is divided by n.
10
Let g be (-4)/(-8) + 21/2. Let x be (-9)/(-6)*(-2)/3. Let k = g - x. What is the remainder when 35 is divided by k?
11
Let f(w) = -8*w**2 + w - 1. Let a be f(1). What is the remainder when (-87)/(-2)*a/(-12) is divided by 10?
9
Let k = -4 - -9. Suppose -4*b = -2*w + 44, 34 = k*w - 5*b - 86. Calculate the remainder when w is divided by 14.
12
Suppose 5*u = 4*n + 5, -3*u + 3*n = -6*u + 30. Suppose 2*h = u*g - 2*g - 19, -h = -g + 8. Calculate the remainder when 5 - (0 - 0/(-1)) is divided by g.
2
Let t(v) be the second derivative of -5*v**3/3 - 2*v. What is the remainder when 28 is divided by t(-1)?
8
Let v(n) = 2*n**2 - 2*n - 1. Let a be v(2). Let o = a + 3. Suppose 0*h + 4*h = 5*m + 26, -2*h - 5*m = 2. Calculate the remainder when o is divided by h.
2
Suppose 15*t - 360 = 10*t. What is the remainder when t is divided by 21?
9
Suppose w - 5*n + 2 = -3, 0 = 2*w + n - 1. Let d(x) = -12*x - 3. What is the remainder when d(-2) is divided by 11 + w/((-2)/2)?
10
Suppose 0 = 2*i - 4*g + 90, 3*i + 2*g + 29 = -66. Let v = i - -59. Calculate the remainder when 70 is divided by v.
22
Suppose 0 = 5*s - 171 + 6. Let y(x) = -17*x**3 + 2*x**2 - 2*x - 3. Calculate the remainder when s is divided by y(-1).
15
Let p(s) = -s + 11. Let i(y) = 25*y**2 - 6*y - 4. What is the remainder when i(-2) is divided by p(-11)?
20
Suppose 90 = 5*x - 110. Calculate the remainder when x is divided by 14.
12
Suppose 352 = 4*a + 100. Let i = -45 + a. Calculate the remainder when i is divided by 10.
8
Let g(d) = 6*d - 19. What is the remainder when g(5) is divided by (-5 + 2)/(-1*1)?
2
Let c(y) = -6*y**2 - y**3 - 5*y**2 - 6*y**2 - 13*y + 5 + 5*y**2. Calculate the remainder when c(-11) is divided by 14.
13
Let y(m) = -m. Suppose -2*x = 4*q - 28, x - 37 + 8 = -5*q. Calculate the remainder when q is divided by y(-2).
1
Let t = -8 - -13. Suppose t*w - 42 = 248. What is the remainder when w is divided by 20?
18
Suppose 4*a = 47 + 17. What is the remainder when 38 is divided by a?
6
Suppose 5*q - 500 + 122 = -4*a, 0 = a - q - 99. What is the remainder when a is divided by 20?
17
Let l be (3 + 1 + -2)/(-1). Let f = l - -4. Suppose -a = -f*a + 19. What is the remainder when a is divided by 7?
5
Let c(a) = a**2 + 12*a + 1. What is the remainder when c(-14) is divided by 22?
7
Let v = 7 - 4. Suppose 0 = -v*l + 3*c + 18, -3*l - 27 = -5*l - c. Calculate the remainder when 21 is divided by l.
10
Let w be (-6)/15 - (-44)/10. Let z(s) be the first derivative of 2*s**2 - 4*s - 1. Calculate the remainder when 34 is divided by z(w).
10
Suppose 0 = 2*x - 3*m - 15 - 19, 0 = 3*x + 5*m - 89. What is the remainder when x is divided by 12?
11
Let y(l) = l**3 - 3*l + 2. Calculate the remainder when (40 - 3) + 6 + -4 is divided by y(3).
19
Suppose 3*j - v + 0 = 9, -4*j - 3*v = 1. Suppose j*i - 35 + 15 = 0. What is the remainder when 39 is divided by i?
9
Let t(h) = 6*h + 4. What is the remainder when t(4) is divided by 16?
12
Suppose 5*r + 44 + 29 = -3*z, -3*r = 4*z + 46. Let f = 17 + 8. Let l = r + f. Calculate the remainder when 21 is divided by l.
10
Let t = -7 + 27. Calculate the remainder when 115/3 - ((-95)/(-15) - 6) is divided by t.
18
Suppose 5*r + 3*p = 364, -2*r - 2*p = p - 151. Calculate the remainder when r is divided by 18.
17
Let i be (2 + 0 + -1)*9. Let u = -1 + i. Let j = -292 - -315. What is the remainder when j is divided by u?
7
Suppose -3*z + 29 = i, -5*i = 5*z - 41 - 4. What is the remainder when 59 is divided by z?
9
Calculate the remainder when 81 is divided by ((-56)/1)/8*(-3 - -1).
11
Suppose 4*b + 76 = -5*l, -4*l - 67 = -2*b - b. What is the remainder when 24 is divided by -1 - (l - (-4)/2)?
11
Suppose -2*q - 29 = 3*n - 4*q, -2*n - 13 = 5*q. Let u = 1 + n. Let p = 13 + u. Calculate the remainder when 13 is divided by p.
3
Let b(z) = z - 1. Suppose -2 = -4*i + 18. Let l be b(i). Suppose 5*c + l*w = 48, -2*c = 3*w - 0*w - 15. Calculate the remainder when 34 is divided by c.
10
Let q be 30/8 + (-1)/(-4). Let j = -228 - -248. What is the remainder when j is divided by (14/(-8))/((-1)/q)?
6
Let y = -19 - -34. Let k(u) = -u**3 + u**2. Let x be k(1). Suppose 3*s - y = -x*s. Calculate the remainder when s is divided by 2.
1
Let r(k) be the second derivative of 3*k**3/2 + 5*k**2/2 - 5*k. Let v(i) = -4*i - 3. What is the remainder when r(5) is divided by v(-4)?
11
Let v(t) = -t**3 + 5*t**2 - 6*t + 3. Let w be v(4). Let o = w + 4. Let a(q) = 9*q**2 - q - 1. What is the remainder when 25 is divided by a(o)?
7
Let s = 184 + -91. Calculate the remainder when s is divided by 14.
9
Let h be 4/(-1)*(3 - 4). Let f = 5 - h. Let z = 1 - -1. What is the remainder when z is divided by f?
0
Suppose -24 - 16 = -5*v. Calculate the remainder when 14 is divided by v.
6
Suppose -2*t + 0*t = -48. What is the remainder when t is divided by 13?
11
Let g(j) = j**2 - j + 29. Suppose 3*i + 3*z = i + 9, z = i + 3. Suppose 26*l = 27*l - 10. What is the remainder when g(i) is divided by l?
9
Let l = -3 + 3. Suppose u - 6 = -3*n, n = -4*u - l + 2. Suppose -2*s + u*s + 82 = 0. Calculate the remainder when s is divided by 14.
13
Let s(h) = 44*h. What is the remainder when s(2) is divided by 30?
28
Let s(c) = -21*c - 6. Suppose 4*a = 23 + 25. Calculate the remainder when s(-3) is divided by a.
9
Let l(z) = -z**3 - 6*z**2 - 2*z - 2. Calculate the remainder when l(-6) is divided by 4.
2
Let x(g) = 2*g**2 - 2*g - 1. Let j be x(3). Suppose -33 - j = -4*p. Calculate the remainder when 4/18 + 1144/36 is divided by p.
10
Suppose 0*f - 5*f + 50 = 0. What is the remainder when 79 is divided by f?
9
Let r(n) = 4*n - 18. Calculate the remainder when 7 is divided by r(5).
1
Let c be 2/(-8) - 340/(-16). Let q = -10 + c. Let u(x) = 4*x - 3. What is the remainder when u(6) is divided by q?
10
Suppose 3*f = -f. Suppose f = 7*r - 8 + 1. What is the remainder when 1 is divided by r?
0
Suppose h - 20 = 14. Calculate the remainder when 65 is divided by h.
31
Let x(c) = 2*c + 13. Let h be -2 - (-1 + 4)*-3. Calculate the remainder when 107 is divided by x(h).
26
Let s(j) = 17*j**3 - 2*j + 1. Suppose 2*m - 5 = -3. Calculate the remainder when 46 is divided by s(m).
14
Let f = -6 - -4. Calculate the remainder when 23 is divided by (f - -1) + (-6 - -15).
7
What is the remainder when 26 is divided by 63/(-7)*(-1 + 0)?
8
Let v be ((-21)/(-6))/(4/112). Suppose 3*z - z = v. Calculate the remainder when z is divided by 17.
15
Suppose 0 = 4*v - 5*w + 15, -3*v + 4*w = 7 + 5. Suppose 0*t - 3*t + 147 = v. What is the remainder when t is divided by 13?
10
Suppose 2*p - 50 = -3*p. Calculate the remainder when 18 is divided by p.
8
Suppose 2*w - 2 + 14 = 0. Let t be (4/(-6))/((-4)/w). What is the remainder when (2*-1)/(t/2) is divided by 3?
1
Let l(j) = 3*j - 7. Suppose 2*a - 4*x = -3*a + 9, a - 3*x + 7 = 0. What is the remainder when 14 is divided by l(a)?
6
Suppose 0 = 16*k - 19*k + 33. Calculate the remainder when 42 is divided by k.
9
Suppose 2*t - 324 = -2*t. What is the remainder when t is divided by 28?
25
Suppose 11 = 2*j - o, -4*o = -j - 0*j + 23. Suppose 9 + 0 = j*f. What is the remainder when 7 is divided by f?
1
Let a be (-1)/(-4) + (-171)/(-4). Suppose 5*u - a - 7 = 0. Let b = -5 - -9. What is the remainder when u is divided by b?
2
Let w = 1 - 0. What is the remainder when 1/(w/(-33)*-3) is divided by 7?
4
Let j = -199 - -133. Suppose 4*q - 193 = 211. Let g = q + j. Calculate the remainder when g is divided by 12.
11
Suppose -1 = -p, -a + 16 = 5*p - 2. What is the remainder when 8/(416/1308) + (-2)/13 is divided by a?
12
Suppose -2*n + 2*k = -0*n - 252, 0 = -4*n + 5*k + 503. What is the remainder when n is divi